{"id":1456,"date":"2026-04-03T10:59:03","date_gmt":"2026-04-03T10:59:03","guid":{"rendered":"https:\/\/projekt1.movemusweb.at\/?page_id=1456"},"modified":"2026-04-08T19:36:56","modified_gmt":"2026-04-08T19:36:56","slug":"fachbegriffe","status":"publish","type":"page","link":"https:\/\/projekt1.movemusweb.at\/index.php\/fachbegriffe\/","title":{"rendered":"Fachbegriffe"},"content":{"rendered":"\t\t<div data-elementor-type=\"wp-page\" data-elementor-id=\"1456\" class=\"elementor elementor-1456\" data-elementor-post-type=\"page\">\n\t\t\t\t<div class=\"elementor-element elementor-element-49a1de0 e-con-full e-flex e-con e-parent\" data-id=\"49a1de0\" data-element_type=\"container\" data-e-type=\"container\" data-settings=\"{&quot;jet_parallax_layout_list&quot;:[]}\">\n\t\t<div class=\"elementor-element elementor-element-6dbded6 e-con-full e-flex e-con e-child\" data-id=\"6dbded6\" data-element_type=\"container\" data-e-type=\"container\" data-settings=\"{&quot;background_background&quot;:&quot;classic&quot;,&quot;jet_parallax_layout_list&quot;:[]}\">\n\t\t<div class=\"elementor-element elementor-element-39cb3e6 e-con-full e-flex e-con e-child\" data-id=\"39cb3e6\" data-element_type=\"container\" data-e-type=\"container\" data-settings=\"{&quot;jet_parallax_layout_list&quot;:[]}\">\n\t\t\t\t<div class=\"elementor-element elementor-element-1492124 elementor-widget elementor-widget-heading\" data-id=\"1492124\" data-element_type=\"widget\" data-e-type=\"widget\" data-widget_type=\"heading.default\">\n\t\t\t\t\t<h1 class=\"elementor-heading-title elementor-size-default\"><b>Erkl\u00e4rung<br> der<br> Fachbe\u00adgriffe<\/b><\/h1>\t\t\t\t<\/div>\n\t\t\t\t<\/div>\n\t\t\t\t<\/div>\n\t\t\t\t<\/div>\n\t\t<div class=\"elementor-element elementor-element-ae967bb e-con-full e-flex e-con e-parent\" data-id=\"ae967bb\" data-element_type=\"container\" data-e-type=\"container\" data-settings=\"{&quot;jet_parallax_layout_list&quot;:[]}\">\n\t\t<div class=\"elementor-element elementor-element-978255d e-con-full e-grid e-con e-child\" data-id=\"978255d\" data-element_type=\"container\" data-e-type=\"container\" data-settings=\"{&quot;jet_parallax_layout_list&quot;:[]}\">\n\t\t<div class=\"elementor-element elementor-element-22ba188 e-con-full e-flex e-con e-child\" data-id=\"22ba188\" data-element_type=\"container\" data-e-type=\"container\" data-settings=\"{&quot;background_background&quot;:&quot;classic&quot;,&quot;jet_parallax_layout_list&quot;:[]}\">\n\t\t\t\t<\/div>\n\t\t<div class=\"elementor-element elementor-element-14ad5e1 e-con-full e-flex e-con e-child\" data-id=\"14ad5e1\" data-element_type=\"container\" data-e-type=\"container\" data-settings=\"{&quot;background_background&quot;:&quot;classic&quot;,&quot;jet_parallax_layout_list&quot;:[]}\">\n\t\t\t\t<div class=\"elementor-element elementor-element-40b1ac8 elementor-widget elementor-widget-heading\" data-id=\"40b1ac8\" data-element_type=\"widget\" data-e-type=\"widget\" data-widget_type=\"heading.default\">\n\t\t\t\t\t<h2 class=\"elementor-heading-title elementor-size-default\">Indikator\u00adparameter\u00adwerte<\/h2>\t\t\t\t<\/div>\n\t\t\t\t<div class=\"elementor-element elementor-element-7a2aa86 elementor-widget elementor-widget-text-editor\" data-id=\"7a2aa86\" data-element_type=\"widget\" data-e-type=\"widget\" data-widget_type=\"text-editor.default\">\n\t\t\t\t\t\t\t\t\tIndikatorparameterwerte sind Richtwerte, die Gehalte an Inhaltsstoffen angeben, bei deren \u00dcberschreitung zu pr\u00fcfen ist, ob bzw. welche Ma\u00dfnahmen zur Aufrechterhaltung einer einwandfreien Wasserbeschaffenheit erforderlich sind.\t\t\t\t\t\t\t\t<\/div>\n\t\t\t\t<\/div>\n\t\t<div class=\"elementor-element elementor-element-22609b7 e-con-full e-flex e-con e-child\" data-id=\"22609b7\" data-element_type=\"container\" data-e-type=\"container\" data-settings=\"{&quot;background_background&quot;:&quot;classic&quot;,&quot;jet_parallax_layout_list&quot;:[]}\">\n\t\t\t\t<div class=\"elementor-element elementor-element-3126da3 elementor-widget elementor-widget-heading\" data-id=\"3126da3\" data-element_type=\"widget\" data-e-type=\"widget\" data-widget_type=\"heading.default\">\n\t\t\t\t\t<h2 class=\"elementor-heading-title elementor-size-default\">Parameter&shy;werte<\/h2>\t\t\t\t<\/div>\n\t\t\t\t<div class=\"elementor-element elementor-element-ee21c52 elementor-widget elementor-widget-text-editor\" data-id=\"ee21c52\" data-element_type=\"widget\" data-e-type=\"widget\" data-widget_type=\"text-editor.default\">\n\t\t\t\t\t\t\t\t\tParameterwerte sind zul\u00e4ssige H\u00f6chstkonzentrationen, die laut Gesetz (Trinkwasserverordnung 2001) nicht \u00fcberschritten werden d\u00fcrfen. Die Parameterwerte sind besonders niedrig angesetzt, damit auch bei lebenslangem t\u00e4glichen Genuss des Wassers keine gesundheitlichen Sch\u00e4den auftreten.\t\t\t\t\t\t\t\t<\/div>\n\t\t\t\t<\/div>\n\t\t\t\t<\/div>\n\t\t\t\t<\/div>\n\t\t<div class=\"elementor-element elementor-element-fed0d62 e-con-full e-flex e-con e-parent\" data-id=\"fed0d62\" data-element_type=\"container\" data-e-type=\"container\" data-settings=\"{&quot;jet_parallax_layout_list&quot;:[]}\">\n\t\t<div class=\"elementor-element elementor-element-dfec1d0 e-con-full e-grid e-con e-child\" data-id=\"dfec1d0\" data-element_type=\"container\" data-e-type=\"container\" data-settings=\"{&quot;jet_parallax_layout_list&quot;:[]}\">\n\t\t<div class=\"elementor-element elementor-element-635d401 e-con-full e-flex e-con e-child\" data-id=\"635d401\" data-element_type=\"container\" data-e-type=\"container\" data-settings=\"{&quot;background_background&quot;:&quot;classic&quot;,&quot;jet_parallax_layout_list&quot;:[]}\">\n\t\t\t\t<div class=\"elementor-element elementor-element-14de58d elementor-widget elementor-widget-heading\" data-id=\"14de58d\" data-element_type=\"widget\" data-e-type=\"widget\" data-widget_type=\"heading.default\">\n\t\t\t\t\t<h2 class=\"elementor-heading-title elementor-size-default\">PH-Wert<\/h2>\t\t\t\t<\/div>\n\t\t\t\t<div class=\"elementor-element elementor-element-9f77dde elementor-widget elementor-widget-text-editor\" data-id=\"9f77dde\" data-element_type=\"widget\" data-e-type=\"widget\" data-widget_type=\"text-editor.default\">\n\t\t\t\t\t\t\t\t\tDer pH-Wert ist das Ma\u00df f\u00fcr den S\u00e4uregrad von Wasser. Meist bewegt er sich bei Trinkwasser im neutralen bis schwach alkalischen Bereich. (pH 7,0 bis 8,5).\t\t\t\t\t\t\t\t<\/div>\n\t\t\t\t<\/div>\n\t\t<div class=\"elementor-element elementor-element-f315314 e-con-full e-flex e-con e-child\" data-id=\"f315314\" data-element_type=\"container\" data-e-type=\"container\" data-settings=\"{&quot;background_background&quot;:&quot;classic&quot;,&quot;jet_parallax_layout_list&quot;:[]}\">\n\t\t\t\t<div class=\"elementor-element elementor-element-3d5b23a elementor-widget elementor-widget-heading\" data-id=\"3d5b23a\" data-element_type=\"widget\" data-e-type=\"widget\" data-widget_type=\"heading.default\">\n\t\t\t\t\t<h2 class=\"elementor-heading-title elementor-size-default\">Wasser&shy;h\u00e4rte<\/h2>\t\t\t\t<\/div>\n\t\t\t\t<div class=\"elementor-element elementor-element-9f570a6 elementor-widget elementor-widget-text-editor\" data-id=\"9f570a6\" data-element_type=\"widget\" data-e-type=\"widget\" data-widget_type=\"text-editor.default\">\n\t\t\t\t\t\t\t\t\tDie Gesamth\u00e4rte wird vom Gehalt des Wassers an Kalzium- und Magnesiumionen bestimmt. Die H\u00e4rte wird in \u201edeutschen H\u00e4rtegraden\u201c ( dH\u00b0) angegeben.\t\t\t\t\t\t\t\t<\/div>\n\t\t\t\t<\/div>\n\t\t<div class=\"elementor-element elementor-element-541b683 e-con-full e-flex e-con e-child\" data-id=\"541b683\" data-element_type=\"container\" data-e-type=\"container\" data-settings=\"{&quot;background_background&quot;:&quot;classic&quot;,&quot;jet_parallax_layout_list&quot;:[]}\">\n\t\t\t\t<div class=\"elementor-element elementor-element-3c16569 elementor-widget elementor-widget-heading\" data-id=\"3c16569\" data-element_type=\"widget\" data-e-type=\"widget\" data-widget_type=\"heading.default\">\n\t\t\t\t\t<h2 class=\"elementor-heading-title elementor-size-default\">Eisen und Mangan<\/h2>\t\t\t\t<\/div>\n\t\t\t\t<div class=\"elementor-element elementor-element-2499408 elementor-widget elementor-widget-text-editor\" data-id=\"2499408\" data-element_type=\"widget\" data-e-type=\"widget\" data-widget_type=\"text-editor.default\">\n\t\t\t\t\t\t\t\t\tEisen und Mangan sollen im Trinkwasser nur in geringsten Spuren enthalten sein, sonst f\u00e4rbt oder tr\u00fcbt sich das Wasser und es kann ein unangenehmer Geschmack auftreten; diese Stoffe sind aber nicht gesundheitsgef\u00e4hrdend.\t\t\t\t\t\t\t\t<\/div>\n\t\t\t\t<\/div>\n\t\t<div class=\"elementor-element elementor-element-b05b269 e-con-full e-flex e-con e-child\" data-id=\"b05b269\" data-element_type=\"container\" data-e-type=\"container\" data-settings=\"{&quot;background_background&quot;:&quot;classic&quot;,&quot;jet_parallax_layout_list&quot;:[]}\">\n\t\t\t\t<div class=\"elementor-element elementor-element-32b79e2 elementor-widget elementor-widget-heading\" data-id=\"32b79e2\" data-element_type=\"widget\" data-e-type=\"widget\" data-widget_type=\"heading.default\">\n\t\t\t\t\t<h2 class=\"elementor-heading-title elementor-size-default\">Chlorid<\/h2>\t\t\t\t<\/div>\n\t\t\t\t<div class=\"elementor-element elementor-element-42e2417 elementor-widget elementor-widget-text-editor\" data-id=\"42e2417\" data-element_type=\"widget\" data-e-type=\"widget\" data-widget_type=\"text-editor.default\">\n\t\t\t\t\t\t\t\t\tChlorid gilt bei Auftreten h\u00f6herer Werte als Zeichen einer Verunreinigung durch Abw\u00e4sser oder Stra\u00dfenstreusalze. Stark erh\u00f6hte Werte k\u00f6nnen zu verst\u00e4rkter Korrosion f\u00fchren.\t\t\t\t\t\t\t\t<\/div>\n\t\t\t\t<\/div>\n\t\t<div class=\"elementor-element elementor-element-33ffd1f e-con-full e-flex e-con e-child\" data-id=\"33ffd1f\" data-element_type=\"container\" data-e-type=\"container\" data-settings=\"{&quot;background_background&quot;:&quot;classic&quot;,&quot;jet_parallax_layout_list&quot;:[]}\">\n\t\t\t\t<div class=\"elementor-element elementor-element-0c19d93 elementor-widget elementor-widget-heading\" data-id=\"0c19d93\" data-element_type=\"widget\" data-e-type=\"widget\" data-widget_type=\"heading.default\">\n\t\t\t\t\t<h2 class=\"elementor-heading-title elementor-size-default\">Nitrat<\/h2>\t\t\t\t<\/div>\n\t\t\t\t<div class=\"elementor-element elementor-element-67cfc41 elementor-widget elementor-widget-text-editor\" data-id=\"67cfc41\" data-element_type=\"widget\" data-e-type=\"widget\" data-widget_type=\"text-editor.default\">\n\t\t\t\t\t\t\t\t\tIm Trinkwasser tritt Nitrat bei landwirtschaftlicher Intensivnutzung (\u00dcberd\u00fcngung) sowie bei Abwasserversickerung auf. Trinkwasser mit einem Nitratgehalt von mehr als 50 mg\/l ist f\u00fcr S\u00e4uglinge bis zum 4. Lebensmonat nicht geeignet. Abkochen hilft nicht!\t\t\t\t\t\t\t\t<\/div>\n\t\t\t\t<\/div>\n\t\t<div class=\"elementor-element elementor-element-dcd9946 e-con-full e-flex e-con e-child\" data-id=\"dcd9946\" data-element_type=\"container\" data-e-type=\"container\" data-settings=\"{&quot;background_background&quot;:&quot;classic&quot;,&quot;jet_parallax_layout_list&quot;:[]}\">\n\t\t\t\t<div class=\"elementor-element elementor-element-f44af07 elementor-widget elementor-widget-heading\" data-id=\"f44af07\" data-element_type=\"widget\" data-e-type=\"widget\" data-widget_type=\"heading.default\">\n\t\t\t\t\t<h2 class=\"elementor-heading-title elementor-size-default\">Sulfat<\/h2>\t\t\t\t<\/div>\n\t\t\t\t<div class=\"elementor-element elementor-element-4a3ebc6 elementor-widget elementor-widget-text-editor\" data-id=\"4a3ebc6\" data-element_type=\"widget\" data-e-type=\"widget\" data-widget_type=\"text-editor.default\">\n\t\t\t\t\t\t\t\t\tSulfat kommt in verunreinigtem Wasser (Jauche, Harn und Deponieabfl\u00fcsse) vor. H\u00f6here Sulfatgehalte k\u00f6nnen aber auch geologisch bedingt sein. Stark erh\u00f6hte Werte f\u00f6rdern die Korrosion.\t\t\t\t\t\t\t\t<\/div>\n\t\t\t\t<\/div>\n\t\t<div class=\"elementor-element elementor-element-cfde441 e-con-full e-flex e-con e-child\" data-id=\"cfde441\" data-element_type=\"container\" data-e-type=\"container\" data-settings=\"{&quot;background_background&quot;:&quot;classic&quot;,&quot;jet_parallax_layout_list&quot;:[]}\">\n\t\t\t\t<div class=\"elementor-element elementor-element-908a866 elementor-widget elementor-widget-heading\" data-id=\"908a866\" data-element_type=\"widget\" data-e-type=\"widget\" data-widget_type=\"heading.default\">\n\t\t\t\t\t<h2 class=\"elementor-heading-title elementor-size-default\">Fluorid <\/h2>\t\t\t\t<\/div>\n\t\t\t\t<div class=\"elementor-element elementor-element-38fb12c elementor-widget elementor-widget-text-editor\" data-id=\"38fb12c\" data-element_type=\"widget\" data-e-type=\"widget\" data-widget_type=\"text-editor.default\">\n\t\t\t\t\t\t\t\t\tFluorid ist in den meisten nat\u00fcrlichen W\u00e4ssern nur in geringer Konzentration enthalten.\t\t\t\t\t\t\t\t<\/div>\n\t\t\t\t<\/div>\n\t\t<div class=\"elementor-element elementor-element-00c494d e-con-full e-flex e-con e-child\" data-id=\"00c494d\" data-element_type=\"container\" data-e-type=\"container\" data-settings=\"{&quot;background_background&quot;:&quot;classic&quot;,&quot;jet_parallax_layout_list&quot;:[]}\">\n\t\t\t\t<div class=\"elementor-element elementor-element-23066d6 elementor-widget elementor-widget-heading\" data-id=\"23066d6\" data-element_type=\"widget\" data-e-type=\"widget\" data-widget_type=\"heading.default\">\n\t\t\t\t\t<h2 class=\"elementor-heading-title elementor-size-default\">Pestizide<\/h2>\t\t\t\t<\/div>\n\t\t\t\t<div class=\"elementor-element elementor-element-4036e54 elementor-widget elementor-widget-text-editor\" data-id=\"4036e54\" data-element_type=\"widget\" data-e-type=\"widget\" data-widget_type=\"text-editor.default\">\n\t\t\t\t\t\t\t\t\t(Pflanzenschutz- und Sch\u00e4dlingsbek\u00e4mpfungsmittel) kommen in nat\u00fcrlichen W\u00e4ssern nicht vor. In intensivlandwirtschaftlich genutzten Gebieten k\u00f6nnen einige Pestizide ins Grundwasser gelangen. Um einen hohen Sicherheitsgrad zu erreichen, sind die Parameterwerte f\u00fcr Pestizide sehr niedrig angesetzt.\t\t\t\t\t\t\t\t<\/div>\n\t\t\t\t<\/div>\n\t\t\t\t<\/div>\n\t\t\t\t<\/div>\n\t\t<div class=\"elementor-element elementor-element-1ee40ff e-con-full e-flex e-con e-parent\" data-id=\"1ee40ff\" data-element_type=\"container\" data-e-type=\"container\" data-settings=\"{&quot;jet_parallax_layout_list&quot;:[]}\">\n\t\t<div class=\"elementor-element elementor-element-b7fb1cf e-con-full e-flex e-con e-child\" data-id=\"b7fb1cf\" data-element_type=\"container\" data-e-type=\"container\" data-settings=\"{&quot;background_background&quot;:&quot;classic&quot;,&quot;jet_parallax_layout_list&quot;:[]}\">\n\t\t\t\t<\/div>\n\t\t\t\t<\/div>\n\t\t\t\t<\/div>\n\t\t","protected":false},"excerpt":{"rendered":"<p>Erkl\u00e4rung der Fachbe\u00adgriffe Indikator\u00adparameter\u00adwerte Indikatorparameterwerte sind Richtwerte, die Gehalte an Inhaltsstoffen angeben, bei deren \u00dcberschreitung zu pr\u00fcfen ist, ob bzw. welche Ma\u00dfnahmen zur Aufrechterhaltung einer einwandfreien Wasserbeschaffenheit erforderlich sind. Parameter&shy;werte Parameterwerte sind zul\u00e4ssige H\u00f6chstkonzentrationen, die laut Gesetz (Trinkwasserverordnung 2001) nicht \u00fcberschritten werden d\u00fcrfen. Die Parameterwerte sind besonders niedrig angesetzt, damit auch bei lebenslangem t\u00e4glichen Genuss [&hellip;]<\/p>\n","protected":false},"author":1,"featured_media":0,"parent":0,"menu_order":0,"comment_status":"closed","ping_status":"closed","template":"","meta":{"footnotes":""},"class_list":["post-1456","page","type-page","status-publish","hentry"],"yoast_head":"<!-- This site is optimized with the Yoast SEO plugin v27.1.1 - https:\/\/yoast.com\/product\/yoast-seo-wordpress\/ -->\n<title>Fachbegriffe - Wasserverband<\/title>\n<meta name=\"robots\" content=\"noindex, follow, max-snippet:-1, max-image-preview:large, max-video-preview:-1\" \/>\n<meta property=\"og:locale\" content=\"de_DE\" \/>\n<meta property=\"og:type\" content=\"article\" \/>\n<meta property=\"og:title\" content=\"Fachbegriffe - Wasserverband\" \/>\n<meta property=\"og:description\" content=\"Erkl\u00e4rung der Fachbe\u00adgriffe Indikator\u00adparameter\u00adwerte Indikatorparameterwerte sind Richtwerte, die Gehalte an Inhaltsstoffen angeben, bei deren \u00dcberschreitung zu pr\u00fcfen ist, ob bzw. welche Ma\u00dfnahmen zur Aufrechterhaltung einer einwandfreien Wasserbeschaffenheit erforderlich sind. Parameter&shy;werte Parameterwerte sind zul\u00e4ssige H\u00f6chstkonzentrationen, die laut Gesetz (Trinkwasserverordnung 2001) nicht \u00fcberschritten werden d\u00fcrfen. Die Parameterwerte sind besonders niedrig angesetzt, damit auch bei lebenslangem t\u00e4glichen Genuss [&hellip;]\" \/>\n<meta property=\"og:url\" content=\"https:\/\/projekt1.movemusweb.at\/index.php\/fachbegriffe\/\" \/>\n<meta property=\"og:site_name\" content=\"Wasserverband\" \/>\n<meta property=\"article:modified_time\" content=\"2026-04-08T19:36:56+00:00\" \/>\n<meta name=\"twitter:card\" content=\"summary_large_image\" \/>\n<meta name=\"twitter:label1\" content=\"Gesch\u00e4tzte Lesezeit\" \/>\n\t<meta name=\"twitter:data1\" content=\"2\u00a0Minuten\" \/>\n<script type=\"application\/ld+json\" class=\"yoast-schema-graph\">{\"@context\":\"https:\/\/schema.org\",\"@graph\":[{\"@type\":\"WebPage\",\"@id\":\"https:\/\/projekt1.movemusweb.at\/index.php\/fachbegriffe\/\",\"url\":\"https:\/\/projekt1.movemusweb.at\/index.php\/fachbegriffe\/\",\"name\":\"Fachbegriffe - Wasserverband\",\"isPartOf\":{\"@id\":\"https:\/\/projekt1.movemusweb.at\/#website\"},\"datePublished\":\"2026-04-03T10:59:03+00:00\",\"dateModified\":\"2026-04-08T19:36:56+00:00\",\"breadcrumb\":{\"@id\":\"https:\/\/projekt1.movemusweb.at\/index.php\/fachbegriffe\/#breadcrumb\"},\"inLanguage\":\"de\",\"potentialAction\":[{\"@type\":\"ReadAction\",\"target\":[\"https:\/\/projekt1.movemusweb.at\/index.php\/fachbegriffe\/\"]}]},{\"@type\":\"BreadcrumbList\",\"@id\":\"https:\/\/projekt1.movemusweb.at\/index.php\/fachbegriffe\/#breadcrumb\",\"itemListElement\":[{\"@type\":\"ListItem\",\"position\":1,\"name\":\"Startseite\",\"item\":\"https:\/\/projekt1.movemusweb.at\/\"},{\"@type\":\"ListItem\",\"position\":2,\"name\":\"Fachbegriffe\"}]},{\"@type\":\"WebSite\",\"@id\":\"https:\/\/projekt1.movemusweb.at\/#website\",\"url\":\"https:\/\/projekt1.movemusweb.at\/\",\"name\":\"Wasserverband\",\"description\":\"Grazerfeld S\u00fcdost und Umland Graz\",\"potentialAction\":[{\"@type\":\"SearchAction\",\"target\":{\"@type\":\"EntryPoint\",\"urlTemplate\":\"https:\/\/projekt1.movemusweb.at\/?s={search_term_string}\"},\"query-input\":{\"@type\":\"PropertyValueSpecification\",\"valueRequired\":true,\"valueName\":\"search_term_string\"}}],\"inLanguage\":\"de\"}]}<\/script>\n<!-- \/ Yoast SEO plugin. -->","yoast_head_json":{"title":"Fachbegriffe - Wasserverband","robots":{"index":"noindex","follow":"follow","max-snippet":"max-snippet:-1","max-image-preview":"max-image-preview:large","max-video-preview":"max-video-preview:-1"},"og_locale":"de_DE","og_type":"article","og_title":"Fachbegriffe - Wasserverband","og_description":"Erkl\u00e4rung der Fachbe\u00adgriffe Indikator\u00adparameter\u00adwerte Indikatorparameterwerte sind Richtwerte, die Gehalte an Inhaltsstoffen angeben, bei deren \u00dcberschreitung zu pr\u00fcfen ist, ob bzw. welche Ma\u00dfnahmen zur Aufrechterhaltung einer einwandfreien Wasserbeschaffenheit erforderlich sind. Parameter&shy;werte Parameterwerte sind zul\u00e4ssige H\u00f6chstkonzentrationen, die laut Gesetz (Trinkwasserverordnung 2001) nicht \u00fcberschritten werden d\u00fcrfen. Die Parameterwerte sind besonders niedrig angesetzt, damit auch bei lebenslangem t\u00e4glichen Genuss [&hellip;]","og_url":"https:\/\/projekt1.movemusweb.at\/index.php\/fachbegriffe\/","og_site_name":"Wasserverband","article_modified_time":"2026-04-08T19:36:56+00:00","twitter_card":"summary_large_image","twitter_misc":{"Gesch\u00e4tzte Lesezeit":"2\u00a0Minuten"},"schema":{"@context":"https:\/\/schema.org","@graph":[{"@type":"WebPage","@id":"https:\/\/projekt1.movemusweb.at\/index.php\/fachbegriffe\/","url":"https:\/\/projekt1.movemusweb.at\/index.php\/fachbegriffe\/","name":"Fachbegriffe - Wasserverband","isPartOf":{"@id":"https:\/\/projekt1.movemusweb.at\/#website"},"datePublished":"2026-04-03T10:59:03+00:00","dateModified":"2026-04-08T19:36:56+00:00","breadcrumb":{"@id":"https:\/\/projekt1.movemusweb.at\/index.php\/fachbegriffe\/#breadcrumb"},"inLanguage":"de","potentialAction":[{"@type":"ReadAction","target":["https:\/\/projekt1.movemusweb.at\/index.php\/fachbegriffe\/"]}]},{"@type":"BreadcrumbList","@id":"https:\/\/projekt1.movemusweb.at\/index.php\/fachbegriffe\/#breadcrumb","itemListElement":[{"@type":"ListItem","position":1,"name":"Startseite","item":"https:\/\/projekt1.movemusweb.at\/"},{"@type":"ListItem","position":2,"name":"Fachbegriffe"}]},{"@type":"WebSite","@id":"https:\/\/projekt1.movemusweb.at\/#website","url":"https:\/\/projekt1.movemusweb.at\/","name":"Wasserverband","description":"Grazerfeld S\u00fcdost und Umland Graz","potentialAction":[{"@type":"SearchAction","target":{"@type":"EntryPoint","urlTemplate":"https:\/\/projekt1.movemusweb.at\/?s={search_term_string}"},"query-input":{"@type":"PropertyValueSpecification","valueRequired":true,"valueName":"search_term_string"}}],"inLanguage":"de"}]}},"_links":{"self":[{"href":"https:\/\/projekt1.movemusweb.at\/index.php\/wp-json\/wp\/v2\/pages\/1456","targetHints":{"allow":["GET"]}}],"collection":[{"href":"https:\/\/projekt1.movemusweb.at\/index.php\/wp-json\/wp\/v2\/pages"}],"about":[{"href":"https:\/\/projekt1.movemusweb.at\/index.php\/wp-json\/wp\/v2\/types\/page"}],"author":[{"embeddable":true,"href":"https:\/\/projekt1.movemusweb.at\/index.php\/wp-json\/wp\/v2\/users\/1"}],"replies":[{"embeddable":true,"href":"https:\/\/projekt1.movemusweb.at\/index.php\/wp-json\/wp\/v2\/comments?post=1456"}],"version-history":[{"count":13,"href":"https:\/\/projekt1.movemusweb.at\/index.php\/wp-json\/wp\/v2\/pages\/1456\/revisions"}],"predecessor-version":[{"id":1936,"href":"https:\/\/projekt1.movemusweb.at\/index.php\/wp-json\/wp\/v2\/pages\/1456\/revisions\/1936"}],"wp:attachment":[{"href":"https:\/\/projekt1.movemusweb.at\/index.php\/wp-json\/wp\/v2\/media?parent=1456"}],"curies":[{"name":"wp","href":"https:\/\/api.w.org\/{rel}","templated":true}]}}