{"id":1969,"date":"2026-04-13T17:04:10","date_gmt":"2026-04-13T17:04:10","guid":{"rendered":"https:\/\/projekt1.movemusweb.at\/?page_id=1969"},"modified":"2026-04-13T17:16:46","modified_gmt":"2026-04-13T17:16:46","slug":"impressum","status":"publish","type":"page","link":"https:\/\/projekt1.movemusweb.at\/index.php\/impressum\/","title":{"rendered":"Impressum"},"content":{"rendered":"\t\t<div data-elementor-type=\"wp-page\" data-elementor-id=\"1969\" class=\"elementor elementor-1969\" data-elementor-post-type=\"page\">\n\t\t\t\t<div class=\"elementor-element elementor-element-49a1de0 e-con-full e-flex e-con e-parent\" data-id=\"49a1de0\" data-element_type=\"container\" data-e-type=\"container\" data-settings=\"{&quot;jet_parallax_layout_list&quot;:[]}\">\n\t\t<div class=\"elementor-element elementor-element-6dbded6 e-con-full e-flex e-con e-child\" data-id=\"6dbded6\" data-element_type=\"container\" data-e-type=\"container\" data-settings=\"{&quot;background_background&quot;:&quot;classic&quot;,&quot;jet_parallax_layout_list&quot;:[]}\">\n\t\t<div class=\"elementor-element elementor-element-39cb3e6 e-con-full e-flex e-con e-child\" data-id=\"39cb3e6\" data-element_type=\"container\" data-e-type=\"container\" data-settings=\"{&quot;jet_parallax_layout_list&quot;:[]}\">\n\t\t\t\t<div class=\"elementor-element elementor-element-1492124 elementor-widget elementor-widget-heading\" data-id=\"1492124\" data-element_type=\"widget\" data-e-type=\"widget\" data-widget_type=\"heading.default\">\n\t\t\t\t\t<h1 class=\"elementor-heading-title elementor-size-default\"><b>Impressum<\/b><\/h1>\t\t\t\t<\/div>\n\t\t\t\t<\/div>\n\t\t\t\t<\/div>\n\t\t\t\t<\/div>\n\t\t<div class=\"elementor-element elementor-element-fed0d62 e-con-full e-flex e-con e-parent\" data-id=\"fed0d62\" data-element_type=\"container\" data-e-type=\"container\" data-settings=\"{&quot;jet_parallax_layout_list&quot;:[]}\">\n\t\t<div class=\"elementor-element elementor-element-dfec1d0 e-con-full e-grid e-con e-child\" data-id=\"dfec1d0\" data-element_type=\"container\" data-e-type=\"container\" data-settings=\"{&quot;jet_parallax_layout_list&quot;:[]}\">\n\t\t<div class=\"elementor-element elementor-element-22609b7 e-con-full e-flex e-con e-child\" data-id=\"22609b7\" data-element_type=\"container\" data-e-type=\"container\" data-settings=\"{&quot;background_background&quot;:&quot;classic&quot;,&quot;jet_parallax_layout_list&quot;:[]}\">\n\t\t<div class=\"elementor-element elementor-element-58c0bc5 e-con-full e-grid e-con e-child\" data-id=\"58c0bc5\" data-element_type=\"container\" data-e-type=\"container\" data-settings=\"{&quot;jet_parallax_layout_list&quot;:[]}\">\n\t\t\t\t<div class=\"elementor-element elementor-element-ee21c52 elementor-widget elementor-widget-text-editor\" data-id=\"ee21c52\" data-element_type=\"widget\" data-e-type=\"widget\" data-widget_type=\"text-editor.default\">\n\t\t\t\t\t\t\t\t\t<h5>Wasserverband<br \/>Grazerfeld S\u00fcdost<\/h5><p>Gesch\u00e4ftsf\u00fchrung<br \/>Ing. Dietmar Luttenberger<\/p><p>St. Peter Stra\u00dfe 52<br \/>8071 Hausmannst\u00e4tten<br \/>T 0043 3135 462 60<br \/>F 0043 3135 462 60 22<br \/><span style=\"text-decoration: underline;\"><span style=\"color: #ffffff;\"><a style=\"color: #ffffff; text-decoration: underline;\" href=\"mailto:office@wasserverband.at\">office@wasserverband.at<\/a><\/span><\/span><\/p><p><strong>Bankverbindung I<\/strong><br \/>Bank Austria Creditanstalt<br \/>IBAN: AT07 1200 0518 6204 7401<br \/>BIC: BKAUATWW<\/p><p><strong>Bankverbindung II<\/strong><br \/>Bank Austria Creditanstalt<br \/>IBAN: AT77 1200 0518 6204 7402<br \/>BIC: BKAUATWW<\/p><p>Gerichtsstand: Graz<br \/>UID: ATU 28561801<\/p>\t\t\t\t\t\t\t\t<\/div>\n\t\t\t\t<div class=\"elementor-element elementor-element-5e7480d elementor-widget elementor-widget-text-editor\" data-id=\"5e7480d\" data-element_type=\"widget\" data-e-type=\"widget\" data-widget_type=\"text-editor.default\">\n\t\t\t\t\t\t\t\t\t<h5>Wasserverband<br \/>Umland Graz<\/h5><p>Gesch\u00e4ftsf\u00fchrung<br \/>Ing. Dietmar Luttenberger<\/p><p>St. Peter Stra\u00dfe 52<br \/>8071 Hausmannst\u00e4tten<br \/>T 0043 3135 462 60<br \/>F 0043 3135 462 60 22<br \/><span style=\"text-decoration: underline; color: #ffffff;\"><a style=\"color: #ffffff; text-decoration: underline;\" href=\"mailto:office@wasserverband.at\">office@wasserverband.at<\/a><\/span><\/p><p><strong>Bankverbindung<\/strong><br \/>Bank Austria Creditanstalt<br \/>IBAN: AT05 1200 0518 6204 8601<br \/>BIC: BKAUATWW<\/p><p>Gerichtsstand: Graz<br \/>UID: ATU 28560704<\/p>\t\t\t\t\t\t\t\t<\/div>\n\t\t\t\t<\/div>\n\t\t\t\t<div class=\"elementor-element elementor-element-b7b30b9 elementor-widget elementor-widget-text-editor\" data-id=\"b7b30b9\" data-element_type=\"widget\" data-e-type=\"widget\" data-widget_type=\"text-editor.default\">\n\t\t\t\t\t\t\t\t\t<h5>Datenschutzbeauftragte:<\/h5><p>META legal \u2013 Raffling Tenschert Lassl Griesbacher &amp; Partner Rechtsanw\u00e4lte GmbH<br \/>RA Dr. Rainer Lassl<br \/>Lendkai 43\/EG, 8020 Graz<\/p>\t\t\t\t\t\t\t\t<\/div>\n\t\t\t\t<div class=\"elementor-element elementor-element-d8c5f0d elementor-widget elementor-widget-text-editor\" data-id=\"d8c5f0d\" data-element_type=\"widget\" data-e-type=\"widget\" data-widget_type=\"text-editor.default\">\n\t\t\t\t\t\t\t\t\t<h5>Konzeption und Design:<\/h5><p><span style=\"text-decoration: underline;\"><span style=\"color: #ffffff;\"><a style=\"color: #ffffff; text-decoration: underline;\" href=\"https:\/\/www.movemus.at\/\" target=\"_blank\" rel=\"noopener\">movemus brand positioning<\/a><\/span><\/span><\/p>\t\t\t\t\t\t\t\t<\/div>\n\t\t\t\t<div class=\"elementor-element elementor-element-8a89998 elementor-widget elementor-widget-text-editor\" data-id=\"8a89998\" data-element_type=\"widget\" data-e-type=\"widget\" data-widget_type=\"text-editor.default\">\n\t\t\t\t\t\t\t\t\t<h5>Technische Umsetzung:<\/h5><p><span style=\"text-decoration: underline;\"><span style=\"color: #ffffff; text-decoration: underline;\"><a style=\"color: #ffffff; text-decoration: underline;\" href=\"https:\/\/www.inetservice.at\/\" target=\"_blank\" rel=\"noopener\">InetService &#8211; Internetservice Holzer &amp; Dengg OG<\/a><\/span><\/span><\/p>\t\t\t\t\t\t\t\t<\/div>\n\t\t\t\t<\/div>\n\t\t<div class=\"elementor-element elementor-element-22ba188 e-con-full e-flex e-con e-child\" data-id=\"22ba188\" data-element_type=\"container\" data-e-type=\"container\" data-settings=\"{&quot;background_background&quot;:&quot;classic&quot;,&quot;jet_parallax_layout_list&quot;:[]}\">\n\t\t\t\t<\/div>\n\t\t\t\t<\/div>\n\t\t\t\t<\/div>\n\t\t\t\t<\/div>\n\t\t","protected":false},"excerpt":{"rendered":"<p>Impressum WasserverbandGrazerfeld S\u00fcdost Gesch\u00e4ftsf\u00fchrungIng. Dietmar Luttenberger St. Peter Stra\u00dfe 528071 Hausmannst\u00e4ttenT 0043 3135 462 60F 0043 3135 462 60 22office@wasserverband.at Bankverbindung IBank Austria CreditanstaltIBAN: AT07 1200 0518 6204 7401BIC: BKAUATWW Bankverbindung IIBank Austria CreditanstaltIBAN: AT77 1200 0518 6204 7402BIC: BKAUATWW Gerichtsstand: GrazUID: ATU 28561801 WasserverbandUmland Graz Gesch\u00e4ftsf\u00fchrungIng. Dietmar Luttenberger St. Peter Stra\u00dfe 528071 Hausmannst\u00e4ttenT 0043 [&hellip;]<\/p>\n","protected":false},"author":1,"featured_media":0,"parent":0,"menu_order":0,"comment_status":"closed","ping_status":"closed","template":"","meta":{"footnotes":""},"class_list":["post-1969","page","type-page","status-publish","hentry"],"yoast_head":"<!-- This site is optimized with the Yoast SEO plugin v27.1.1 - https:\/\/yoast.com\/product\/yoast-seo-wordpress\/ -->\n<title>Impressum - Wasserverband<\/title>\n<meta name=\"robots\" content=\"noindex, follow, max-snippet:-1, max-image-preview:large, max-video-preview:-1\" \/>\n<meta property=\"og:locale\" content=\"de_DE\" \/>\n<meta property=\"og:type\" content=\"article\" \/>\n<meta property=\"og:title\" content=\"Impressum - Wasserverband\" \/>\n<meta property=\"og:description\" content=\"Impressum WasserverbandGrazerfeld S\u00fcdost Gesch\u00e4ftsf\u00fchrungIng. Dietmar Luttenberger St. Peter Stra\u00dfe 528071 Hausmannst\u00e4ttenT 0043 3135 462 60F 0043 3135 462 60 22office@wasserverband.at Bankverbindung IBank Austria CreditanstaltIBAN: AT07 1200 0518 6204 7401BIC: BKAUATWW Bankverbindung IIBank Austria CreditanstaltIBAN: AT77 1200 0518 6204 7402BIC: BKAUATWW Gerichtsstand: GrazUID: ATU 28561801 WasserverbandUmland Graz Gesch\u00e4ftsf\u00fchrungIng. Dietmar Luttenberger St. Peter Stra\u00dfe 528071 Hausmannst\u00e4ttenT 0043 [&hellip;]\" \/>\n<meta property=\"og:url\" content=\"https:\/\/projekt1.movemusweb.at\/index.php\/impressum\/\" \/>\n<meta property=\"og:site_name\" content=\"Wasserverband\" \/>\n<meta property=\"article:modified_time\" content=\"2026-04-13T17:16:46+00:00\" \/>\n<meta name=\"twitter:card\" content=\"summary_large_image\" \/>\n<meta name=\"twitter:label1\" content=\"Gesch\u00e4tzte Lesezeit\" \/>\n\t<meta name=\"twitter:data1\" content=\"1\u00a0Minute\" \/>\n<script type=\"application\/ld+json\" class=\"yoast-schema-graph\">{\"@context\":\"https:\/\/schema.org\",\"@graph\":[{\"@type\":\"WebPage\",\"@id\":\"https:\/\/projekt1.movemusweb.at\/index.php\/impressum\/\",\"url\":\"https:\/\/projekt1.movemusweb.at\/index.php\/impressum\/\",\"name\":\"Impressum - Wasserverband\",\"isPartOf\":{\"@id\":\"https:\/\/projekt1.movemusweb.at\/#website\"},\"datePublished\":\"2026-04-13T17:04:10+00:00\",\"dateModified\":\"2026-04-13T17:16:46+00:00\",\"breadcrumb\":{\"@id\":\"https:\/\/projekt1.movemusweb.at\/index.php\/impressum\/#breadcrumb\"},\"inLanguage\":\"de\",\"potentialAction\":[{\"@type\":\"ReadAction\",\"target\":[\"https:\/\/projekt1.movemusweb.at\/index.php\/impressum\/\"]}]},{\"@type\":\"BreadcrumbList\",\"@id\":\"https:\/\/projekt1.movemusweb.at\/index.php\/impressum\/#breadcrumb\",\"itemListElement\":[{\"@type\":\"ListItem\",\"position\":1,\"name\":\"Startseite\",\"item\":\"https:\/\/projekt1.movemusweb.at\/\"},{\"@type\":\"ListItem\",\"position\":2,\"name\":\"Impressum\"}]},{\"@type\":\"WebSite\",\"@id\":\"https:\/\/projekt1.movemusweb.at\/#website\",\"url\":\"https:\/\/projekt1.movemusweb.at\/\",\"name\":\"Wasserverband\",\"description\":\"Grazerfeld S\u00fcdost und Umland Graz\",\"potentialAction\":[{\"@type\":\"SearchAction\",\"target\":{\"@type\":\"EntryPoint\",\"urlTemplate\":\"https:\/\/projekt1.movemusweb.at\/?s={search_term_string}\"},\"query-input\":{\"@type\":\"PropertyValueSpecification\",\"valueRequired\":true,\"valueName\":\"search_term_string\"}}],\"inLanguage\":\"de\"}]}<\/script>\n<!-- \/ Yoast SEO plugin. -->","yoast_head_json":{"title":"Impressum - Wasserverband","robots":{"index":"noindex","follow":"follow","max-snippet":"max-snippet:-1","max-image-preview":"max-image-preview:large","max-video-preview":"max-video-preview:-1"},"og_locale":"de_DE","og_type":"article","og_title":"Impressum - Wasserverband","og_description":"Impressum WasserverbandGrazerfeld S\u00fcdost Gesch\u00e4ftsf\u00fchrungIng. Dietmar Luttenberger St. Peter Stra\u00dfe 528071 Hausmannst\u00e4ttenT 0043 3135 462 60F 0043 3135 462 60 22office@wasserverband.at Bankverbindung IBank Austria CreditanstaltIBAN: AT07 1200 0518 6204 7401BIC: BKAUATWW Bankverbindung IIBank Austria CreditanstaltIBAN: AT77 1200 0518 6204 7402BIC: BKAUATWW Gerichtsstand: GrazUID: ATU 28561801 WasserverbandUmland Graz Gesch\u00e4ftsf\u00fchrungIng. Dietmar Luttenberger St. Peter Stra\u00dfe 528071 Hausmannst\u00e4ttenT 0043 [&hellip;]","og_url":"https:\/\/projekt1.movemusweb.at\/index.php\/impressum\/","og_site_name":"Wasserverband","article_modified_time":"2026-04-13T17:16:46+00:00","twitter_card":"summary_large_image","twitter_misc":{"Gesch\u00e4tzte Lesezeit":"1\u00a0Minute"},"schema":{"@context":"https:\/\/schema.org","@graph":[{"@type":"WebPage","@id":"https:\/\/projekt1.movemusweb.at\/index.php\/impressum\/","url":"https:\/\/projekt1.movemusweb.at\/index.php\/impressum\/","name":"Impressum - Wasserverband","isPartOf":{"@id":"https:\/\/projekt1.movemusweb.at\/#website"},"datePublished":"2026-04-13T17:04:10+00:00","dateModified":"2026-04-13T17:16:46+00:00","breadcrumb":{"@id":"https:\/\/projekt1.movemusweb.at\/index.php\/impressum\/#breadcrumb"},"inLanguage":"de","potentialAction":[{"@type":"ReadAction","target":["https:\/\/projekt1.movemusweb.at\/index.php\/impressum\/"]}]},{"@type":"BreadcrumbList","@id":"https:\/\/projekt1.movemusweb.at\/index.php\/impressum\/#breadcrumb","itemListElement":[{"@type":"ListItem","position":1,"name":"Startseite","item":"https:\/\/projekt1.movemusweb.at\/"},{"@type":"ListItem","position":2,"name":"Impressum"}]},{"@type":"WebSite","@id":"https:\/\/projekt1.movemusweb.at\/#website","url":"https:\/\/projekt1.movemusweb.at\/","name":"Wasserverband","description":"Grazerfeld S\u00fcdost und Umland Graz","potentialAction":[{"@type":"SearchAction","target":{"@type":"EntryPoint","urlTemplate":"https:\/\/projekt1.movemusweb.at\/?s={search_term_string}"},"query-input":{"@type":"PropertyValueSpecification","valueRequired":true,"valueName":"search_term_string"}}],"inLanguage":"de"}]}},"_links":{"self":[{"href":"https:\/\/projekt1.movemusweb.at\/index.php\/wp-json\/wp\/v2\/pages\/1969","targetHints":{"allow":["GET"]}}],"collection":[{"href":"https:\/\/projekt1.movemusweb.at\/index.php\/wp-json\/wp\/v2\/pages"}],"about":[{"href":"https:\/\/projekt1.movemusweb.at\/index.php\/wp-json\/wp\/v2\/types\/page"}],"author":[{"embeddable":true,"href":"https:\/\/projekt1.movemusweb.at\/index.php\/wp-json\/wp\/v2\/users\/1"}],"replies":[{"embeddable":true,"href":"https:\/\/projekt1.movemusweb.at\/index.php\/wp-json\/wp\/v2\/comments?post=1969"}],"version-history":[{"count":8,"href":"https:\/\/projekt1.movemusweb.at\/index.php\/wp-json\/wp\/v2\/pages\/1969\/revisions"}],"predecessor-version":[{"id":1977,"href":"https:\/\/projekt1.movemusweb.at\/index.php\/wp-json\/wp\/v2\/pages\/1969\/revisions\/1977"}],"wp:attachment":[{"href":"https:\/\/projekt1.movemusweb.at\/index.php\/wp-json\/wp\/v2\/media?parent=1969"}],"curies":[{"name":"wp","href":"https:\/\/api.w.org\/{rel}","templated":true}]}}