{"id":318,"date":"2026-03-18T14:57:03","date_gmt":"2026-03-18T14:57:03","guid":{"rendered":"https:\/\/projekt1.movemusweb.at\/?page_id=318"},"modified":"2026-04-03T13:22:46","modified_gmt":"2026-04-03T13:22:46","slug":"grundwasserschutz","status":"publish","type":"page","link":"https:\/\/projekt1.movemusweb.at\/index.php\/grundwasserschutz\/","title":{"rendered":"Grundwasserschutz"},"content":{"rendered":"\t\t<div data-elementor-type=\"wp-page\" data-elementor-id=\"318\" class=\"elementor elementor-318\" data-elementor-post-type=\"page\">\n\t\t\t\t<div class=\"elementor-element elementor-element-49a1de0 e-con-full e-flex e-con e-parent\" data-id=\"49a1de0\" data-element_type=\"container\" data-e-type=\"container\" data-settings=\"{&quot;jet_parallax_layout_list&quot;:[]}\">\n\t\t<div class=\"elementor-element elementor-element-6dbded6 e-con-full e-flex e-con e-child\" data-id=\"6dbded6\" data-element_type=\"container\" data-e-type=\"container\" data-settings=\"{&quot;background_background&quot;:&quot;classic&quot;,&quot;jet_parallax_layout_list&quot;:[]}\">\n\t\t<div class=\"elementor-element elementor-element-39cb3e6 e-con-full e-flex e-con e-child\" data-id=\"39cb3e6\" data-element_type=\"container\" data-e-type=\"container\" data-settings=\"{&quot;jet_parallax_layout_list&quot;:[]}\">\n\t\t\t\t<div class=\"elementor-element elementor-element-1492124 elementor-widget elementor-widget-heading\" data-id=\"1492124\" data-element_type=\"widget\" data-e-type=\"widget\" data-widget_type=\"heading.default\">\n\t\t\t\t\t<h1 class=\"elementor-heading-title elementor-size-default\"><b>Grund&shy;wasser&shy;schutz<br> und Landwirt&shy;schaft<\/b><\/h1>\t\t\t\t<\/div>\n\t\t\t\t<\/div>\n\t\t\t\t<\/div>\n\t\t\t\t<\/div>\n\t\t<div class=\"elementor-element elementor-element-fed0d62 e-con-full e-flex e-con e-parent\" data-id=\"fed0d62\" data-element_type=\"container\" data-e-type=\"container\" data-settings=\"{&quot;jet_parallax_layout_list&quot;:[]}\">\n\t\t<div class=\"elementor-element elementor-element-dfec1d0 e-con-full e-grid e-con e-child\" data-id=\"dfec1d0\" data-element_type=\"container\" data-e-type=\"container\" data-settings=\"{&quot;jet_parallax_layout_list&quot;:[]}\">\n\t\t<div class=\"elementor-element elementor-element-22609b7 e-con-full e-flex e-con e-child\" data-id=\"22609b7\" data-element_type=\"container\" data-e-type=\"container\" data-settings=\"{&quot;background_background&quot;:&quot;classic&quot;,&quot;jet_parallax_layout_list&quot;:[]}\">\n\t\t\t\t<div class=\"elementor-element elementor-element-f3d8e7e elementor-widget elementor-widget-heading\" data-id=\"f3d8e7e\" data-element_type=\"widget\" data-e-type=\"widget\" data-widget_type=\"heading.default\">\n\t\t\t\t\t<h2 class=\"elementor-heading-title elementor-size-default\">Durch gezielte Wasserschutz&shy;gebiete, ein umfangreiches Monitoring sowie der Zusammen&shy;arbeit mit regionalen Wasserschutz&shy;bauern sorgen wir f\u00fcr sauberes Grundwasser. Gemeinsam mit regionalen Programmen reduzieren wir Nitratbelastungen und f\u00f6rdern nachhaltige Bewirtschaftung \u2013 f\u00fcr bestes Trinkwasser aus Ihrer Region.<\/h2>\t\t\t\t<\/div>\n\t\t\t\t<\/div>\n\t\t<div class=\"elementor-element elementor-element-22ba188 e-con-full e-flex e-con e-child\" data-id=\"22ba188\" data-element_type=\"container\" data-e-type=\"container\" data-settings=\"{&quot;background_background&quot;:&quot;classic&quot;,&quot;jet_parallax_layout_list&quot;:[]}\">\n\t\t\t\t<\/div>\n\t\t\t\t<\/div>\n\t\t\t\t<\/div>\n\t\t<div class=\"elementor-element elementor-element-a4300ac e-con-full e-flex e-con e-parent\" data-id=\"a4300ac\" data-element_type=\"container\" data-e-type=\"container\" data-settings=\"{&quot;jet_parallax_layout_list&quot;:[]}\">\n\t\t<div class=\"elementor-element elementor-element-bea553b e-con-full e-flex e-con e-child\" data-id=\"bea553b\" data-element_type=\"container\" data-e-type=\"container\" data-settings=\"{&quot;background_background&quot;:&quot;classic&quot;,&quot;jet_parallax_layout_list&quot;:[]}\">\n\t\t\t\t<div class=\"elementor-element elementor-element-4f0cb87 elementor-widget elementor-widget-heading\" data-id=\"4f0cb87\" data-element_type=\"widget\" data-e-type=\"widget\" data-widget_type=\"heading.default\">\n\t\t\t\t\t<h3 class=\"elementor-heading-title elementor-size-default\">Wie wir Ihr Trinkwasser sch\u00fctzen<\/h3>\t\t\t\t<\/div>\n\t\t\t\t<div class=\"elementor-element elementor-element-b82c782 elementor-widget elementor-widget-text-editor\" data-id=\"b82c782\" data-element_type=\"widget\" data-e-type=\"widget\" data-widget_type=\"text-editor.default\">\n\t\t\t\t\t\t\t\t\t<p>Um die beste Trinkwasserqualit\u00e4t zu gew\u00e4hrleisten, sch\u00fctzen wir das Grundwasser vor Nitratbelastung und Verunreinigungen. Daf\u00fcr wurden im Einzugsgebiet der Brunnen spezielle Wasserschutzgebiete eingerichtet. Ein Grundwasser-Monitoringprogramm dient als Fr\u00fchwarnsystem, um m\u00f6gliche Risiken fr\u00fchzeitig zu erkennen und rechtzeitig Gegenma\u00dfnahmen zu ergreifen.<\/p><p>Die Brunnenschutzgebiete sind Teil des \u201eRegionalprogramms Grundwasserschutz Graz bis Bad Radkersburg\u201c, das den guten Zustand der Grundwasservorkommen im Grazer Feld, Leibnitzer Feld und Unteren Murtal sichert. Au\u00dferdem nehmen beide Gebiete freiwillig am Programm \u201e\u00d6PUL \u2013 Vorbeugender Grundwasserschutz auf Ackerfl\u00e4chen \u2013 GRUNDwasser 2020\u201c teil. Ziel dieses Programms ist es, durch nachhaltige Landwirtschaft die Belastung von Grund- und Oberfl\u00e4chengew\u00e4ssern mit Nitrat zu reduzieren.<\/p>\t\t\t\t\t\t\t\t<\/div>\n\t\t\t\t<\/div>\n\t\t\t\t<\/div>\n\t\t<div class=\"elementor-element elementor-element-ae967bb e-con-full e-flex e-con e-parent\" data-id=\"ae967bb\" data-element_type=\"container\" data-e-type=\"container\" data-settings=\"{&quot;jet_parallax_layout_list&quot;:[]}\">\n\t\t<div class=\"elementor-element elementor-element-978255d e-con-full e-grid e-con e-child\" data-id=\"978255d\" data-element_type=\"container\" data-e-type=\"container\" data-settings=\"{&quot;jet_parallax_layout_list&quot;:[]}\">\n\t\t<div class=\"elementor-element elementor-element-1c90b2e e-con-full e-flex e-con e-child\" data-id=\"1c90b2e\" data-element_type=\"container\" data-e-type=\"container\" data-settings=\"{&quot;background_background&quot;:&quot;classic&quot;,&quot;jet_parallax_layout_list&quot;:[]}\">\n\t\t\t\t<\/div>\n\t\t<div class=\"elementor-element elementor-element-7dc46b2 e-con-full e-flex e-con e-child\" data-id=\"7dc46b2\" data-element_type=\"container\" data-e-type=\"container\" data-settings=\"{&quot;background_background&quot;:&quot;classic&quot;,&quot;jet_parallax_layout_list&quot;:[]}\">\n\t\t\t\t<div class=\"elementor-element elementor-element-095d463 elementor-widget elementor-widget-heading\" data-id=\"095d463\" data-element_type=\"widget\" data-e-type=\"widget\" data-widget_type=\"heading.default\">\n\t\t\t\t\t<h4 class=\"elementor-heading-title elementor-size-default\">Wasser&shy;schutz&shy;bauern im Einsatz<\/h4>\t\t\t\t<\/div>\n\t\t\t\t<div class=\"elementor-element elementor-element-ee21c52 elementor-widget elementor-widget-text-editor\" data-id=\"ee21c52\" data-element_type=\"widget\" data-e-type=\"widget\" data-widget_type=\"text-editor.default\">\n\t\t\t\t\t\t\t\t\t<p>Rund 60 Wasserschutzbauern aus den Gemeinden Feldkirchen, G\u00f6ssendorf, Premst\u00e4tten, Fernitz-Mellach, Lieboch und Kalsdorf engagieren sich aktiv f\u00fcr den Schutz des Grundwassers. Auf etwa 300 Hektar, darunter auch in den Wasserschutzgebieten der Wasserverb\u00e4nde Grazerfeld S\u00fcdost und Umland Graz, werden j\u00e4hrlich vielf\u00e4ltige Begr\u00fcnungen angelegt.<\/p><p>Diese Ma\u00dfnahmen sch\u00fctzen nicht nur das Grundwasser, sondern erhalten auch die Bodenstruktur und f\u00f6rdern den Humusaufbau. Zus\u00e4tzlich steigern sie die Biodiversit\u00e4t, beleben den Boden und verbessern langfristig die Bodenfruchtbarkeit.<\/p>\t\t\t\t\t\t\t\t<\/div>\n\t\t\t\t<\/div>\n\t\t\t\t<\/div>\n\t\t\t\t<\/div>\n\t\t<div class=\"elementor-element elementor-element-b5a59f0 e-con-full e-flex e-con e-parent\" data-id=\"b5a59f0\" data-element_type=\"container\" data-e-type=\"container\" data-settings=\"{&quot;jet_parallax_layout_list&quot;:[]}\">\n\t\t<div class=\"elementor-element elementor-element-d71da15 e-con-full e-grid e-con e-child\" data-id=\"d71da15\" data-element_type=\"container\" data-e-type=\"container\" data-settings=\"{&quot;jet_parallax_layout_list&quot;:[]}\">\n\t\t<div class=\"elementor-element elementor-element-d6fa420 e-con-full e-flex e-con e-child\" data-id=\"d6fa420\" data-element_type=\"container\" data-e-type=\"container\" data-settings=\"{&quot;background_background&quot;:&quot;classic&quot;,&quot;jet_parallax_layout_list&quot;:[]}\">\n\t\t\t\t<\/div>\n\t\t<div class=\"elementor-element elementor-element-d874346 e-con-full e-flex e-con e-child\" data-id=\"d874346\" data-element_type=\"container\" data-e-type=\"container\" data-settings=\"{&quot;background_background&quot;:&quot;classic&quot;,&quot;jet_parallax_layout_list&quot;:[]}\">\n\t\t\t\t<div class=\"elementor-element elementor-element-ab80601 elementor-widget elementor-widget-heading\" data-id=\"ab80601\" data-element_type=\"widget\" data-e-type=\"widget\" data-widget_type=\"heading.default\">\n\t\t\t\t\t<h4 class=\"elementor-heading-title elementor-size-default\">Grundwasser&shy;monitoring<\/h4>\t\t\t\t<\/div>\n\t\t\t\t<div class=\"elementor-element elementor-element-063e6cf elementor-widget elementor-widget-text-editor\" data-id=\"063e6cf\" data-element_type=\"widget\" data-e-type=\"widget\" data-widget_type=\"text-editor.default\">\n\t\t\t\t\t\t\t\t\t<p>In allen Einzugsgebieten unserer Brunnen f\u00fchren wir ein umfangreiches Monitoringprogramm durch. Mehrmals im Jahr entnehmen wir Wasserproben an Grundwassermessstellen, die von einem akkreditierten Labor sorgf\u00e4ltig untersucht werden.<\/p><p>Da sich das Grundwasser unterirdisch bewegt, k\u00f6nnen wir diese zeitlichen Ver\u00e4nderungen mithilfe von Modellen nachvollziehen. Unsere Messstellen liegen dabei unterschiedlich weit entfernt \u2013 von \u00fcber einem Jahr Flie\u00dfzeit-Entfernung bis zu nur 60 Tagen Flie\u00dfzeit-Entfernung zum Brunnen.<\/p><p>Dank der chemischen Analysen erhalten wir so fr\u00fchzeitig zuverl\u00e4ssige Informationen zur Wasserqualit\u00e4t. Das erm\u00f6glicht uns, bei Bedarf rechtzeitig Ma\u00dfnahmen zum Schutz des Grundwassers zu ergreifen.<\/p>\t\t\t\t\t\t\t\t<\/div>\n\t\t\t\t<\/div>\n\t\t\t\t<\/div>\n\t\t\t\t<\/div>\n\t\t<div class=\"elementor-element elementor-element-dcdde2d e-con-full e-flex e-con e-parent\" data-id=\"dcdde2d\" data-element_type=\"container\" data-e-type=\"container\" data-settings=\"{&quot;jet_parallax_layout_list&quot;:[]}\">\n\t\t<div class=\"elementor-element elementor-element-b266fa1 e-con-full e-flex e-con e-child\" data-id=\"b266fa1\" data-element_type=\"container\" data-e-type=\"container\" data-settings=\"{&quot;background_background&quot;:&quot;classic&quot;,&quot;jet_parallax_layout_list&quot;:[]}\">\n\t\t\t\t<div class=\"elementor-element elementor-element-1a9e758 elementor-widget elementor-widget-heading\" data-id=\"1a9e758\" data-element_type=\"widget\" data-e-type=\"widget\" data-widget_type=\"heading.default\">\n\t\t\t\t\t<h4 class=\"elementor-heading-title elementor-size-default\">Kultur\u00adarten\u00aderhebung im Schutz\u00adgebiet \nKalsdorf, G\u00f6ssen\u00addorf und Thondorf<\/h4>\t\t\t\t<\/div>\n\t\t\t\t<div class=\"elementor-element elementor-element-a627b17 elementor-widget elementor-widget-text-editor\" data-id=\"a627b17\" data-element_type=\"widget\" data-e-type=\"widget\" data-widget_type=\"text-editor.default\">\n\t\t\t\t\t\t\t\t\t<p>In den Schutzgebieten rund um die Brunnen Kalsdorf, G\u00f6ssendorf und Thondorf gelten besondere Regeln zur Bewirtschaftung, Grundst\u00fccksnutzung und Nutzung der Gew\u00e4sser. In der weiteren Schutzzone wurden in Abstimmung mit den Eigent\u00fcmer:innen Einschr\u00e4nkungen bei der Bewirtschaftung festgelegt. Die engere Schutzzone ist grunds\u00e4tzlich von jeglicher Bewirtschaftung ausgenommen.<\/p><p>Um die Einhaltung dieser Schutzma\u00dfnahmen sicherzustellen, besteht in Kalsdorf f\u00fcr alle Ma\u00dfnahmen eine Aufzeichnungspflicht. Diese Aufzeichnungen m\u00fcssen vom Wasserverband, der Gew\u00e4sseraufsicht und den zust\u00e4ndigen Beh\u00f6rden mindestens sieben Jahre r\u00fcckwirkend eingesehen werden k\u00f6nnen.<\/p><p>Seit 2015 wird j\u00e4hrlich eine Kulturartenerhebung in den Wasserschutzgebieten durchgef\u00fchrt. Dabei werden die landwirtschaftlichen Fl\u00e4chen begangen, und die Beobachtungen mit den Betriebsbuchformularen sowie den Aufzeichnungen zu D\u00fcngemittelgaben abgeglichen. Die beschr\u00e4nkten D\u00fcngegaben tragen ma\u00dfgeblich zur Verringerung des Nitratgehalts im Einzugsgebiet der Brunnen bei.<\/p>\t\t\t\t\t\t\t\t<\/div>\n\t\t\t\t<\/div>\n\t\t\t\t<\/div>\n\t\t<div class=\"elementor-element elementor-element-0a27129 e-con-full e-flex e-con e-parent\" data-id=\"0a27129\" data-element_type=\"container\" data-e-type=\"container\" data-settings=\"{&quot;jet_parallax_layout_list&quot;:[]}\">\n\t\t<div class=\"elementor-element elementor-element-9ab67a9 e-con-full e-grid e-con e-child\" data-id=\"9ab67a9\" data-element_type=\"container\" data-e-type=\"container\" data-settings=\"{&quot;jet_parallax_layout_list&quot;:[]}\">\n\t\t<div class=\"elementor-element elementor-element-8146a6d e-con-full e-flex e-con e-child\" data-id=\"8146a6d\" data-element_type=\"container\" data-e-type=\"container\" data-settings=\"{&quot;background_background&quot;:&quot;classic&quot;,&quot;jet_parallax_layout_list&quot;:[]}\">\n\t\t\t\t<\/div>\n\t\t<div class=\"elementor-element elementor-element-6aed73b e-con-full e-flex e-con e-child\" data-id=\"6aed73b\" data-element_type=\"container\" data-e-type=\"container\" data-settings=\"{&quot;background_background&quot;:&quot;classic&quot;,&quot;jet_parallax_layout_list&quot;:[]}\">\n\t\t\t\t<div class=\"elementor-element elementor-element-5502990 elementor-widget elementor-widget-heading\" data-id=\"5502990\" data-element_type=\"widget\" data-e-type=\"widget\" data-widget_type=\"heading.default\">\n\t\t\t\t\t<h4 class=\"elementor-heading-title elementor-size-default\">Neophyten&shy;management<\/h4>\t\t\t\t<\/div>\n\t\t\t\t<div class=\"elementor-element elementor-element-401576d elementor-widget elementor-widget-text-editor\" data-id=\"401576d\" data-element_type=\"widget\" data-e-type=\"widget\" data-widget_type=\"text-editor.default\">\n\t\t\t\t\t\t\t\t\t<p>Au\u00dferdem liegt ein besonderer Fokus auf dem Unkraut- und Neophytenmanagement. In den Schutzgebieten wollen wir die Ausbreitung invasiver gebietsfremder Arten eind\u00e4mmen. Zusammen mit den Landwirten und J\u00e4gern achten wir darauf, dass beispielsweise die Kanadische Goldrute regelm\u00e4\u00dfig gem\u00e4ht wird.<\/p>\t\t\t\t\t\t\t\t<\/div>\n\t\t\t\t<\/div>\n\t\t\t\t<\/div>\n\t\t\t\t<\/div>\n\t\t\t\t<\/div>\n\t\t","protected":false},"excerpt":{"rendered":"<p>Grund&shy;wasser&shy;schutz und Landwirt&shy;schaft Durch gezielte Wasserschutz&shy;gebiete, ein umfangreiches Monitoring sowie der Zusammen&shy;arbeit mit regionalen Wasserschutz&shy;bauern sorgen wir f\u00fcr sauberes Grundwasser. Gemeinsam mit regionalen Programmen reduzieren wir Nitratbelastungen und f\u00f6rdern nachhaltige Bewirtschaftung \u2013 f\u00fcr bestes Trinkwasser aus Ihrer Region. Wie wir Ihr Trinkwasser sch\u00fctzen Um die beste Trinkwasserqualit\u00e4t zu gew\u00e4hrleisten, sch\u00fctzen wir das Grundwasser vor Nitratbelastung [&hellip;]<\/p>\n","protected":false},"author":1,"featured_media":0,"parent":0,"menu_order":0,"comment_status":"closed","ping_status":"closed","template":"","meta":{"footnotes":""},"class_list":["post-318","page","type-page","status-publish","hentry"],"yoast_head":"<!-- This site is optimized with the Yoast SEO plugin v27.1.1 - https:\/\/yoast.com\/product\/yoast-seo-wordpress\/ -->\n<title>Grundwasserschutz - Wasserverband<\/title>\n<meta name=\"robots\" content=\"noindex, follow, max-snippet:-1, max-image-preview:large, max-video-preview:-1\" \/>\n<meta property=\"og:locale\" content=\"de_DE\" \/>\n<meta property=\"og:type\" content=\"article\" \/>\n<meta property=\"og:title\" content=\"Grundwasserschutz - Wasserverband\" \/>\n<meta property=\"og:description\" content=\"Grund&shy;wasser&shy;schutz und Landwirt&shy;schaft Durch gezielte Wasserschutz&shy;gebiete, ein umfangreiches Monitoring sowie der Zusammen&shy;arbeit mit regionalen Wasserschutz&shy;bauern sorgen wir f\u00fcr sauberes Grundwasser. Gemeinsam mit regionalen Programmen reduzieren wir Nitratbelastungen und f\u00f6rdern nachhaltige Bewirtschaftung \u2013 f\u00fcr bestes Trinkwasser aus Ihrer Region. Wie wir Ihr Trinkwasser sch\u00fctzen Um die beste Trinkwasserqualit\u00e4t zu gew\u00e4hrleisten, sch\u00fctzen wir das Grundwasser vor Nitratbelastung [&hellip;]\" \/>\n<meta property=\"og:url\" content=\"https:\/\/projekt1.movemusweb.at\/index.php\/grundwasserschutz\/\" \/>\n<meta property=\"og:site_name\" content=\"Wasserverband\" \/>\n<meta property=\"article:modified_time\" content=\"2026-04-03T13:22:46+00:00\" \/>\n<meta name=\"twitter:card\" content=\"summary_large_image\" \/>\n<meta name=\"twitter:label1\" content=\"Gesch\u00e4tzte Lesezeit\" \/>\n\t<meta name=\"twitter:data1\" content=\"3\u00a0Minuten\" \/>\n<script type=\"application\/ld+json\" class=\"yoast-schema-graph\">{\"@context\":\"https:\/\/schema.org\",\"@graph\":[{\"@type\":\"WebPage\",\"@id\":\"https:\/\/projekt1.movemusweb.at\/index.php\/grundwasserschutz\/\",\"url\":\"https:\/\/projekt1.movemusweb.at\/index.php\/grundwasserschutz\/\",\"name\":\"Grundwasserschutz - Wasserverband\",\"isPartOf\":{\"@id\":\"https:\/\/projekt1.movemusweb.at\/#website\"},\"datePublished\":\"2026-03-18T14:57:03+00:00\",\"dateModified\":\"2026-04-03T13:22:46+00:00\",\"breadcrumb\":{\"@id\":\"https:\/\/projekt1.movemusweb.at\/index.php\/grundwasserschutz\/#breadcrumb\"},\"inLanguage\":\"de\",\"potentialAction\":[{\"@type\":\"ReadAction\",\"target\":[\"https:\/\/projekt1.movemusweb.at\/index.php\/grundwasserschutz\/\"]}]},{\"@type\":\"BreadcrumbList\",\"@id\":\"https:\/\/projekt1.movemusweb.at\/index.php\/grundwasserschutz\/#breadcrumb\",\"itemListElement\":[{\"@type\":\"ListItem\",\"position\":1,\"name\":\"Startseite\",\"item\":\"https:\/\/projekt1.movemusweb.at\/\"},{\"@type\":\"ListItem\",\"position\":2,\"name\":\"Grundwasserschutz\"}]},{\"@type\":\"WebSite\",\"@id\":\"https:\/\/projekt1.movemusweb.at\/#website\",\"url\":\"https:\/\/projekt1.movemusweb.at\/\",\"name\":\"Wasserverband\",\"description\":\"Grazerfeld S\u00fcdost und Umland Graz\",\"potentialAction\":[{\"@type\":\"SearchAction\",\"target\":{\"@type\":\"EntryPoint\",\"urlTemplate\":\"https:\/\/projekt1.movemusweb.at\/?s={search_term_string}\"},\"query-input\":{\"@type\":\"PropertyValueSpecification\",\"valueRequired\":true,\"valueName\":\"search_term_string\"}}],\"inLanguage\":\"de\"}]}<\/script>\n<!-- \/ Yoast SEO plugin. -->","yoast_head_json":{"title":"Grundwasserschutz - Wasserverband","robots":{"index":"noindex","follow":"follow","max-snippet":"max-snippet:-1","max-image-preview":"max-image-preview:large","max-video-preview":"max-video-preview:-1"},"og_locale":"de_DE","og_type":"article","og_title":"Grundwasserschutz - Wasserverband","og_description":"Grund&shy;wasser&shy;schutz und Landwirt&shy;schaft Durch gezielte Wasserschutz&shy;gebiete, ein umfangreiches Monitoring sowie der Zusammen&shy;arbeit mit regionalen Wasserschutz&shy;bauern sorgen wir f\u00fcr sauberes Grundwasser. Gemeinsam mit regionalen Programmen reduzieren wir Nitratbelastungen und f\u00f6rdern nachhaltige Bewirtschaftung \u2013 f\u00fcr bestes Trinkwasser aus Ihrer Region. Wie wir Ihr Trinkwasser sch\u00fctzen Um die beste Trinkwasserqualit\u00e4t zu gew\u00e4hrleisten, sch\u00fctzen wir das Grundwasser vor Nitratbelastung [&hellip;]","og_url":"https:\/\/projekt1.movemusweb.at\/index.php\/grundwasserschutz\/","og_site_name":"Wasserverband","article_modified_time":"2026-04-03T13:22:46+00:00","twitter_card":"summary_large_image","twitter_misc":{"Gesch\u00e4tzte Lesezeit":"3\u00a0Minuten"},"schema":{"@context":"https:\/\/schema.org","@graph":[{"@type":"WebPage","@id":"https:\/\/projekt1.movemusweb.at\/index.php\/grundwasserschutz\/","url":"https:\/\/projekt1.movemusweb.at\/index.php\/grundwasserschutz\/","name":"Grundwasserschutz - Wasserverband","isPartOf":{"@id":"https:\/\/projekt1.movemusweb.at\/#website"},"datePublished":"2026-03-18T14:57:03+00:00","dateModified":"2026-04-03T13:22:46+00:00","breadcrumb":{"@id":"https:\/\/projekt1.movemusweb.at\/index.php\/grundwasserschutz\/#breadcrumb"},"inLanguage":"de","potentialAction":[{"@type":"ReadAction","target":["https:\/\/projekt1.movemusweb.at\/index.php\/grundwasserschutz\/"]}]},{"@type":"BreadcrumbList","@id":"https:\/\/projekt1.movemusweb.at\/index.php\/grundwasserschutz\/#breadcrumb","itemListElement":[{"@type":"ListItem","position":1,"name":"Startseite","item":"https:\/\/projekt1.movemusweb.at\/"},{"@type":"ListItem","position":2,"name":"Grundwasserschutz"}]},{"@type":"WebSite","@id":"https:\/\/projekt1.movemusweb.at\/#website","url":"https:\/\/projekt1.movemusweb.at\/","name":"Wasserverband","description":"Grazerfeld S\u00fcdost und Umland Graz","potentialAction":[{"@type":"SearchAction","target":{"@type":"EntryPoint","urlTemplate":"https:\/\/projekt1.movemusweb.at\/?s={search_term_string}"},"query-input":{"@type":"PropertyValueSpecification","valueRequired":true,"valueName":"search_term_string"}}],"inLanguage":"de"}]}},"_links":{"self":[{"href":"https:\/\/projekt1.movemusweb.at\/index.php\/wp-json\/wp\/v2\/pages\/318","targetHints":{"allow":["GET"]}}],"collection":[{"href":"https:\/\/projekt1.movemusweb.at\/index.php\/wp-json\/wp\/v2\/pages"}],"about":[{"href":"https:\/\/projekt1.movemusweb.at\/index.php\/wp-json\/wp\/v2\/types\/page"}],"author":[{"embeddable":true,"href":"https:\/\/projekt1.movemusweb.at\/index.php\/wp-json\/wp\/v2\/users\/1"}],"replies":[{"embeddable":true,"href":"https:\/\/projekt1.movemusweb.at\/index.php\/wp-json\/wp\/v2\/comments?post=318"}],"version-history":[{"count":29,"href":"https:\/\/projekt1.movemusweb.at\/index.php\/wp-json\/wp\/v2\/pages\/318\/revisions"}],"predecessor-version":[{"id":1577,"href":"https:\/\/projekt1.movemusweb.at\/index.php\/wp-json\/wp\/v2\/pages\/318\/revisions\/1577"}],"wp:attachment":[{"href":"https:\/\/projekt1.movemusweb.at\/index.php\/wp-json\/wp\/v2\/media?parent=318"}],"curies":[{"name":"wp","href":"https:\/\/api.w.org\/{rel}","templated":true}]}}