{"id":468,"date":"2026-03-20T13:23:58","date_gmt":"2026-03-20T13:23:58","guid":{"rendered":"https:\/\/projekt1.movemusweb.at\/?page_id=468"},"modified":"2026-04-03T21:27:23","modified_gmt":"2026-04-03T21:27:23","slug":"verantwortung-und-transparenz","status":"publish","type":"page","link":"https:\/\/projekt1.movemusweb.at\/index.php\/verantwortung-und-transparenz\/","title":{"rendered":"Verantwortung &#038; Transparenz"},"content":{"rendered":"\t\t<div data-elementor-type=\"wp-page\" data-elementor-id=\"468\" class=\"elementor elementor-468\" data-elementor-post-type=\"page\">\n\t\t\t\t<div class=\"elementor-element elementor-element-49a1de0 e-con-full e-flex e-con e-parent\" data-id=\"49a1de0\" data-element_type=\"container\" data-e-type=\"container\" data-settings=\"{&quot;jet_parallax_layout_list&quot;:[]}\">\n\t\t<div class=\"elementor-element elementor-element-6dbded6 e-con-full e-flex e-con e-child\" data-id=\"6dbded6\" data-element_type=\"container\" data-e-type=\"container\" data-settings=\"{&quot;background_background&quot;:&quot;classic&quot;,&quot;jet_parallax_layout_list&quot;:[]}\">\n\t\t<div class=\"elementor-element elementor-element-39cb3e6 e-con-full e-flex e-con e-child\" data-id=\"39cb3e6\" data-element_type=\"container\" data-e-type=\"container\" data-settings=\"{&quot;jet_parallax_layout_list&quot;:[]}\">\n\t\t\t\t<div class=\"elementor-element elementor-element-1492124 elementor-widget elementor-widget-heading\" data-id=\"1492124\" data-element_type=\"widget\" data-e-type=\"widget\" data-widget_type=\"heading.default\">\n\t\t\t\t\t<h1 class=\"elementor-heading-title elementor-size-default\"><b>Verant&shy;wortung<br> und<br> Transparenz<\/b><\/h1>\t\t\t\t<\/div>\n\t\t\t\t<\/div>\n\t\t\t\t<\/div>\n\t\t\t\t<\/div>\n\t\t<div class=\"elementor-element elementor-element-fed0d62 e-con-full e-flex e-con e-parent\" data-id=\"fed0d62\" data-element_type=\"container\" data-e-type=\"container\" data-settings=\"{&quot;jet_parallax_layout_list&quot;:[]}\">\n\t\t<div class=\"elementor-element elementor-element-dfec1d0 e-con-full e-grid e-con e-child\" data-id=\"dfec1d0\" data-element_type=\"container\" data-e-type=\"container\" data-settings=\"{&quot;jet_parallax_layout_list&quot;:[]}\">\n\t\t<div class=\"elementor-element elementor-element-22609b7 e-con-full e-flex e-con e-child\" data-id=\"22609b7\" data-element_type=\"container\" data-e-type=\"container\" data-settings=\"{&quot;background_background&quot;:&quot;classic&quot;,&quot;jet_parallax_layout_list&quot;:[]}\">\n\t\t\t\t<div class=\"elementor-element elementor-element-cf605d1 elementor-widget elementor-widget-heading\" data-id=\"cf605d1\" data-element_type=\"widget\" data-e-type=\"widget\" data-widget_type=\"heading.default\">\n\t\t\t\t\t<h2 class=\"elementor-heading-title elementor-size-default\">Internes<br>\nKontroll&shy;system<\/h2>\t\t\t\t<\/div>\n\t\t\t\t<div class=\"elementor-element elementor-element-3126da3 elementor-widget elementor-widget-heading\" data-id=\"3126da3\" data-element_type=\"widget\" data-e-type=\"widget\" data-widget_type=\"heading.default\">\n\t\t\t\t\t<h2 class=\"elementor-heading-title elementor-size-default\">Wir sind laufend damit besch\u00e4ftigt, interne Prozesse weiterzuentwickeln, das Unternehmen mit neutralem Blick von au\u00dfen zu betrachten, ist dabei von gro\u00dfer Wichtigkeit. Aus diesem Grund wurde die Deloitte Wirtschaftspr\u00fcfung Styria GmbH von uns damit beauftragt, den Wasserverband Grazerfeld S\u00fcdost bei der Weiterentwicklung interner Kontrollsysteme in Rechnungslegungsprozessen zu unterst\u00fctzen. Die umfassende Pr\u00fcfung und die damit einhergehende Prozessoptimierung wurden seitens des Verbandes auf freiwilliger Basis durchgef\u00fchrt, die Dauer des Projektes betrug ein Jahr.\n\nIn Zusammenarbeit mit der Deloitte Wirtschaftspr\u00fcfung Styria GmbH wurden die Ausgangssituation sowie die Aufbau- und Ablauforganisation erhoben. Au\u00dferdem wurden eine Detailanalyse der Gesch\u00e4ftsprozesse sowie eine stichprobenhafte Evaluierung der Kontrollen auf Angemessenheit und Wirksamkeit durchgef\u00fchrt und strukturierte Interviews mit Prozess- und Kontrollverantwortlichen gef\u00fchrt. Auf Basis dieser Daten wurde im November 2018 ein schriftliches Handbuch erstellt, welches als Vorlage f\u00fcr Ver\u00e4nderungsprozesse dienen sollte.\n\nW\u00e4hrend eines Follow-ups im Februar 2020 konnte von der Deloitte festgestellt werden, dass s\u00e4mtliche Empfehlungen zur G\u00e4nze umgesetzt wurden. Ferner wurden dar\u00fcberhinausgehende und weiterf\u00fchrende Ma\u00dfnahmen gesetzt. Das Ziel jener war es, die maximale Transparenz und Sicherheit in den internen Abl\u00e4ufen des Wasserverbandes zu gew\u00e4hrleisten.<\/h2>\t\t\t\t<\/div>\n\t\t\t\t<div class=\"elementor-element elementor-element-642edcc elementor-widget elementor-widget-image\" data-id=\"642edcc\" data-element_type=\"widget\" data-e-type=\"widget\" data-widget_type=\"image.default\">\n\t\t\t\t\t\t\t\t\t\t\t\t\t\t\t<img decoding=\"async\" width=\"500\" height=\"93\" src=\"https:\/\/projekt1.movemusweb.at\/wp-content\/uploads\/2026\/03\/Deloitte-Logo-weiss.svg\" class=\"attachment-medium_large size-medium_large wp-image-470\" alt=\"\" \/>\t\t\t\t\t\t\t\t\t\t\t\t\t\t\t<\/div>\n\t\t\t\t<\/div>\n\t\t<div class=\"elementor-element elementor-element-22ba188 e-con-full e-flex e-con e-child\" data-id=\"22ba188\" data-element_type=\"container\" data-e-type=\"container\" data-settings=\"{&quot;background_background&quot;:&quot;classic&quot;,&quot;jet_parallax_layout_list&quot;:[]}\">\n\t\t\t\t<\/div>\n\t\t\t\t<\/div>\n\t\t\t\t<\/div>\n\t\t\t\t<\/div>\n\t\t","protected":false},"excerpt":{"rendered":"<p>Verant&shy;wortung und Transparenz Internes Kontroll&shy;system Wir sind laufend damit besch\u00e4ftigt, interne Prozesse weiterzuentwickeln, das Unternehmen mit neutralem Blick von au\u00dfen zu betrachten, ist dabei von gro\u00dfer Wichtigkeit. Aus diesem Grund wurde die Deloitte Wirtschaftspr\u00fcfung Styria GmbH von uns damit beauftragt, den Wasserverband Grazerfeld S\u00fcdost bei der Weiterentwicklung interner Kontrollsysteme in Rechnungslegungsprozessen zu unterst\u00fctzen. Die umfassende [&hellip;]<\/p>\n","protected":false},"author":1,"featured_media":0,"parent":0,"menu_order":0,"comment_status":"closed","ping_status":"closed","template":"","meta":{"footnotes":""},"class_list":["post-468","page","type-page","status-publish","hentry"],"yoast_head":"<!-- This site is optimized with the Yoast SEO plugin v27.1.1 - https:\/\/yoast.com\/product\/yoast-seo-wordpress\/ -->\n<title>Verantwortung &amp; Transparenz - Wasserverband<\/title>\n<meta name=\"robots\" content=\"noindex, follow, max-snippet:-1, max-image-preview:large, max-video-preview:-1\" \/>\n<meta property=\"og:locale\" content=\"de_DE\" \/>\n<meta property=\"og:type\" content=\"article\" \/>\n<meta property=\"og:title\" content=\"Verantwortung &amp; Transparenz - Wasserverband\" \/>\n<meta property=\"og:description\" content=\"Verant&shy;wortung und Transparenz Internes Kontroll&shy;system Wir sind laufend damit besch\u00e4ftigt, interne Prozesse weiterzuentwickeln, das Unternehmen mit neutralem Blick von au\u00dfen zu betrachten, ist dabei von gro\u00dfer Wichtigkeit. Aus diesem Grund wurde die Deloitte Wirtschaftspr\u00fcfung Styria GmbH von uns damit beauftragt, den Wasserverband Grazerfeld S\u00fcdost bei der Weiterentwicklung interner Kontrollsysteme in Rechnungslegungsprozessen zu unterst\u00fctzen. Die umfassende [&hellip;]\" \/>\n<meta property=\"og:url\" content=\"https:\/\/projekt1.movemusweb.at\/index.php\/verantwortung-und-transparenz\/\" \/>\n<meta property=\"og:site_name\" content=\"Wasserverband\" \/>\n<meta property=\"article:modified_time\" content=\"2026-04-03T21:27:23+00:00\" \/>\n<meta name=\"twitter:card\" content=\"summary_large_image\" \/>\n<meta name=\"twitter:label1\" content=\"Gesch\u00e4tzte Lesezeit\" \/>\n\t<meta name=\"twitter:data1\" content=\"1\u00a0Minute\" \/>\n<script type=\"application\/ld+json\" class=\"yoast-schema-graph\">{\"@context\":\"https:\/\/schema.org\",\"@graph\":[{\"@type\":\"WebPage\",\"@id\":\"https:\/\/projekt1.movemusweb.at\/index.php\/verantwortung-und-transparenz\/\",\"url\":\"https:\/\/projekt1.movemusweb.at\/index.php\/verantwortung-und-transparenz\/\",\"name\":\"Verantwortung & Transparenz - Wasserverband\",\"isPartOf\":{\"@id\":\"https:\/\/projekt1.movemusweb.at\/#website\"},\"primaryImageOfPage\":{\"@id\":\"https:\/\/projekt1.movemusweb.at\/index.php\/verantwortung-und-transparenz\/#primaryimage\"},\"image\":{\"@id\":\"https:\/\/projekt1.movemusweb.at\/index.php\/verantwortung-und-transparenz\/#primaryimage\"},\"thumbnailUrl\":\"https:\/\/projekt1.movemusweb.at\/wp-content\/uploads\/2026\/03\/Deloitte-Logo-weiss.svg\",\"datePublished\":\"2026-03-20T13:23:58+00:00\",\"dateModified\":\"2026-04-03T21:27:23+00:00\",\"breadcrumb\":{\"@id\":\"https:\/\/projekt1.movemusweb.at\/index.php\/verantwortung-und-transparenz\/#breadcrumb\"},\"inLanguage\":\"de\",\"potentialAction\":[{\"@type\":\"ReadAction\",\"target\":[\"https:\/\/projekt1.movemusweb.at\/index.php\/verantwortung-und-transparenz\/\"]}]},{\"@type\":\"ImageObject\",\"inLanguage\":\"de\",\"@id\":\"https:\/\/projekt1.movemusweb.at\/index.php\/verantwortung-und-transparenz\/#primaryimage\",\"url\":\"https:\/\/projekt1.movemusweb.at\/wp-content\/uploads\/2026\/03\/Deloitte-Logo-weiss.svg\",\"contentUrl\":\"https:\/\/projekt1.movemusweb.at\/wp-content\/uploads\/2026\/03\/Deloitte-Logo-weiss.svg\",\"width\":500,\"height\":92.722},{\"@type\":\"BreadcrumbList\",\"@id\":\"https:\/\/projekt1.movemusweb.at\/index.php\/verantwortung-und-transparenz\/#breadcrumb\",\"itemListElement\":[{\"@type\":\"ListItem\",\"position\":1,\"name\":\"Startseite\",\"item\":\"https:\/\/projekt1.movemusweb.at\/\"},{\"@type\":\"ListItem\",\"position\":2,\"name\":\"Verantwortung &#038; Transparenz\"}]},{\"@type\":\"WebSite\",\"@id\":\"https:\/\/projekt1.movemusweb.at\/#website\",\"url\":\"https:\/\/projekt1.movemusweb.at\/\",\"name\":\"Wasserverband\",\"description\":\"Grazerfeld S\u00fcdost und Umland Graz\",\"potentialAction\":[{\"@type\":\"SearchAction\",\"target\":{\"@type\":\"EntryPoint\",\"urlTemplate\":\"https:\/\/projekt1.movemusweb.at\/?s={search_term_string}\"},\"query-input\":{\"@type\":\"PropertyValueSpecification\",\"valueRequired\":true,\"valueName\":\"search_term_string\"}}],\"inLanguage\":\"de\"}]}<\/script>\n<!-- \/ Yoast SEO plugin. -->","yoast_head_json":{"title":"Verantwortung & Transparenz - Wasserverband","robots":{"index":"noindex","follow":"follow","max-snippet":"max-snippet:-1","max-image-preview":"max-image-preview:large","max-video-preview":"max-video-preview:-1"},"og_locale":"de_DE","og_type":"article","og_title":"Verantwortung & Transparenz - Wasserverband","og_description":"Verant&shy;wortung und Transparenz Internes Kontroll&shy;system Wir sind laufend damit besch\u00e4ftigt, interne Prozesse weiterzuentwickeln, das Unternehmen mit neutralem Blick von au\u00dfen zu betrachten, ist dabei von gro\u00dfer Wichtigkeit. Aus diesem Grund wurde die Deloitte Wirtschaftspr\u00fcfung Styria GmbH von uns damit beauftragt, den Wasserverband Grazerfeld S\u00fcdost bei der Weiterentwicklung interner Kontrollsysteme in Rechnungslegungsprozessen zu unterst\u00fctzen. Die umfassende [&hellip;]","og_url":"https:\/\/projekt1.movemusweb.at\/index.php\/verantwortung-und-transparenz\/","og_site_name":"Wasserverband","article_modified_time":"2026-04-03T21:27:23+00:00","twitter_card":"summary_large_image","twitter_misc":{"Gesch\u00e4tzte Lesezeit":"1\u00a0Minute"},"schema":{"@context":"https:\/\/schema.org","@graph":[{"@type":"WebPage","@id":"https:\/\/projekt1.movemusweb.at\/index.php\/verantwortung-und-transparenz\/","url":"https:\/\/projekt1.movemusweb.at\/index.php\/verantwortung-und-transparenz\/","name":"Verantwortung & Transparenz - Wasserverband","isPartOf":{"@id":"https:\/\/projekt1.movemusweb.at\/#website"},"primaryImageOfPage":{"@id":"https:\/\/projekt1.movemusweb.at\/index.php\/verantwortung-und-transparenz\/#primaryimage"},"image":{"@id":"https:\/\/projekt1.movemusweb.at\/index.php\/verantwortung-und-transparenz\/#primaryimage"},"thumbnailUrl":"https:\/\/projekt1.movemusweb.at\/wp-content\/uploads\/2026\/03\/Deloitte-Logo-weiss.svg","datePublished":"2026-03-20T13:23:58+00:00","dateModified":"2026-04-03T21:27:23+00:00","breadcrumb":{"@id":"https:\/\/projekt1.movemusweb.at\/index.php\/verantwortung-und-transparenz\/#breadcrumb"},"inLanguage":"de","potentialAction":[{"@type":"ReadAction","target":["https:\/\/projekt1.movemusweb.at\/index.php\/verantwortung-und-transparenz\/"]}]},{"@type":"ImageObject","inLanguage":"de","@id":"https:\/\/projekt1.movemusweb.at\/index.php\/verantwortung-und-transparenz\/#primaryimage","url":"https:\/\/projekt1.movemusweb.at\/wp-content\/uploads\/2026\/03\/Deloitte-Logo-weiss.svg","contentUrl":"https:\/\/projekt1.movemusweb.at\/wp-content\/uploads\/2026\/03\/Deloitte-Logo-weiss.svg","width":500,"height":92.722},{"@type":"BreadcrumbList","@id":"https:\/\/projekt1.movemusweb.at\/index.php\/verantwortung-und-transparenz\/#breadcrumb","itemListElement":[{"@type":"ListItem","position":1,"name":"Startseite","item":"https:\/\/projekt1.movemusweb.at\/"},{"@type":"ListItem","position":2,"name":"Verantwortung &#038; Transparenz"}]},{"@type":"WebSite","@id":"https:\/\/projekt1.movemusweb.at\/#website","url":"https:\/\/projekt1.movemusweb.at\/","name":"Wasserverband","description":"Grazerfeld S\u00fcdost und Umland Graz","potentialAction":[{"@type":"SearchAction","target":{"@type":"EntryPoint","urlTemplate":"https:\/\/projekt1.movemusweb.at\/?s={search_term_string}"},"query-input":{"@type":"PropertyValueSpecification","valueRequired":true,"valueName":"search_term_string"}}],"inLanguage":"de"}]}},"_links":{"self":[{"href":"https:\/\/projekt1.movemusweb.at\/index.php\/wp-json\/wp\/v2\/pages\/468","targetHints":{"allow":["GET"]}}],"collection":[{"href":"https:\/\/projekt1.movemusweb.at\/index.php\/wp-json\/wp\/v2\/pages"}],"about":[{"href":"https:\/\/projekt1.movemusweb.at\/index.php\/wp-json\/wp\/v2\/types\/page"}],"author":[{"embeddable":true,"href":"https:\/\/projekt1.movemusweb.at\/index.php\/wp-json\/wp\/v2\/users\/1"}],"replies":[{"embeddable":true,"href":"https:\/\/projekt1.movemusweb.at\/index.php\/wp-json\/wp\/v2\/comments?post=468"}],"version-history":[{"count":14,"href":"https:\/\/projekt1.movemusweb.at\/index.php\/wp-json\/wp\/v2\/pages\/468\/revisions"}],"predecessor-version":[{"id":1716,"href":"https:\/\/projekt1.movemusweb.at\/index.php\/wp-json\/wp\/v2\/pages\/468\/revisions\/1716"}],"wp:attachment":[{"href":"https:\/\/projekt1.movemusweb.at\/index.php\/wp-json\/wp\/v2\/media?parent=468"}],"curies":[{"name":"wp","href":"https:\/\/api.w.org\/{rel}","templated":true}]}}